the prime factors of 1212.
2, 3, 101
What are the prime factors of 2470?
2, 5, 13, 19
List the prime factors of 14648.
2, 1831
List the prime factors of 15.
3, 5
What are the prime factors of 2213?
2213
What are the prime factors of 3614?
2, 13, 139
What are the prime factors of 382?
2, 191
List the prime factors of 1357.
23, 59
What are the prime factors of 1182?
2, 3, 197
List the prime factors of 4023.
3, 149
What are the prime factors of 3468?
2, 3, 17
List the prime factors of 994.
2, 7, 71
What are the prime factors of 8116?
2, 2029
List the prime factors of 66277.
191, 347
What are the prime factors of 37258?
2, 13, 1433
What are the prime factors of 15535?
5, 13, 239
List the prime factors of 1268.
2, 317
List the prime factors of 63.
3, 7
List the prime factors of 40.
2, 5
List the prime factors of 98447.
17, 5791
List the prime factors of 754.
2, 13, 29
What are the prime factors of 97936?
2, 6121
List the prime factors of 921.
3, 307
What are the prime factors of 3145?
5, 17, 37
List the prime factors of 148370.
2, 5, 37, 401
What are the prime factors of 178181?
23, 61, 127
What are the prime factors of 5232?
2, 3, 109
What are the prime factors of 1015?
5, 7, 29
List the prime factors of 2596.
2, 11, 59
List the prime factors of 1102.
2, 19, 29
What are the prime factors of 5980?
2, 5, 13, 23
What are the prime factors of 19715?
5, 3943
What are the prime factors of 67903?
11, 6173
List the prime factors of 25331.
73, 347
What are the prime factors of 59947?
151, 397
What are the prime factors of 1012?
2, 11, 23
What are the prime factors of 40977?
3, 29, 157
List the prime factors of 3666.
2, 3, 13, 47
List the prime factors of 1069.
1069
List the prime factors of 2731.
2731
What are the prime factors of 603?
3, 67
What are the prime factors of 69618?
2, 3, 41, 283
List the prime factors of 904.
2, 113
What are the prime factors of 53333?
7, 19, 401
What are the prime factors of 1684?
2, 421
List the prime factors of 10648.
2, 11
What are the prime factors of 2048?
2
What are the prime factors of 3059?
7, 19, 23
List the prime factors of 259.
7, 37
List the prime factors of 1796.
2, 449
List the prime factors of 4385.
5, 877
List the prime factors of 37731.
3, 12577
What are the prime factors of 2908?
2, 727
What are the prime factors of 11683?
7, 1669
What are the prime factors of 74232?
2, 3, 1031
List the prime factors of 36139.
71, 509
What are the prime factors of 1680?
2, 3, 5, 7
What are the prime factors of 138?
2, 3, 23
What are the prime factors of 3442?
2, 1721
List the prime factors of 8242.
2, 13, 317
What are the prime factors of 1658?
2, 829
What are the prime factors of 1559?
1559
List the prime factors of 30015.
3, 5, 23, 29
What are the prime factors of 730?
2, 5, 73
What are the prime factors of 637?
7, 13
List the prime factors of 16240.
2, 5, 7, 29
List the prime factors of 1268.
2, 317
List the prime factors of 45210.
2, 3, 5, 11, 137
List the prime factors of 3763.
53, 71
What are the prime factors of 1329?
3, 443
List the prime factors of 116207.
7, 13, 1277
What are the prime factors of 3342?
2, 3, 557
What are the prime factors of 5831?
7, 17
List the prime factors of 304.
2, 19
What are the prime factors of 112?
2, 7
What are the prime factors of 1208?
2, 151
What are the prime factors of 2043?
3, 227
List the prime factors of 23095.
5, 31, 149
List the prime factors of 4395.
3, 5, 293
List the prime factors of 228.
2, 3, 19
List the prime factors of 4739.
7, 677
What are the prime factors of 40847?
40847
List the prime factors of 2116.
2, 23
What are the prime factors of 36799?
7, 751
List the prime factors of 17683.
17683
What are the prime factors of 12585?
3, 5, 839
List the prime factors of 99410.
2, 5, 9941
What are the prime factors of 111393?
3, 12377
What are the prime factors of 787?
787
What are the prime factors of 30363?
3, 29, 349
What are the prime factors of 61356?
2, 3, 5113
What are the prime factors of 580?
2, 5, 29
List the prime factors of 852.
2, 3, 71
What are the prime factors of 7456?
2, 233
What are the prime factors of 18201?
3, 6067
What are the prime factors of 1858?
2, 929
List the prime factors of 43749.
3, 4861
List the prime factors of 521.
521
List the prime factors of 718.
2, 359
What are the prime factors of 8571?
3, 2857
List the prime factors of 4558.
2, 43, 53
List the prime factors of 39150.
2, 3, 5, 29
What are the prime factors of 82212?
2, 3, 13, 17, 31
What are the prime factors of 32557?
7, 4651
What are the prime factors of 88403?
7, 73, 173
What are the prime factors of 19183?
19183
List the prime factors of 86489.
13, 6653
List the prime factors of 708.
2, 3, 59
List the prime factors of 51156.
2, 3, 7, 29
What are the prime factors of 2309?
2309
What are the prime factors of 3982?
2, 11, 181
List the prime factors of 20148.
2, 3, 23, 73
List the prime factors of 40791.
3, 13597
List the prime factors of 7594.
2, 3797
List the prime factors of 2.
2
What are the prime factors of 73694?
2, 36847
List the prime factors of 7402.
2, 3701
List the prime factors of 1738.
2, 11, 79
List the prime factors of 1948.
2, 487
What are the prime factors of 14202?
2, 3, 263
List the prime factors of 30210.
2, 3, 5, 19, 53
What are the prime factors of 2206?
2, 1103
What are the prime factors of 241?
241
List the prime factors of 2083.
2083
What are the prime factors of 30219?
3, 7, 1439
List the prime factors of 3286.
2, 31, 53
What are the prime factors of 2225?
5, 89
What are the prime factors of 693?
3, 7, 11
What are the prime factors of 88820?
2, 5, 4441
List the prime factors of 98846.
2, 11, 4493
What are the prime factors of 1501?
19, 79
List the prime factors of 3124.
2, 11, 71
List the prime factors of 5477.
5477
What are the prime factors of 152436?
2, 3, 12703
What are the prime factors of 744?
2, 3, 31
List the prime factors of 7967.
31, 257
What are the prime factors of 93884?
2, 7, 479
What are the prime factors of 2258?
2, 1129
What are the prime factors of 858?
2, 3, 11, 13
What are the prime factors of 51417?
3, 29, 197
What are the prime factors of 6751?
43, 157
List the prime factors of 12187.
7, 1741
List the prime factors of 1866.
2, 3, 311
List the prime factors of 4010.
2, 5, 401
List the prime factors of 3775.
5, 151
What are the prime factors of 10922?
2, 43, 127
What are the prime factors of 9763?
13, 751
List the prime factors of 153.
3, 17
List the prime factors of 2831.
19, 149
What are the prime factors of 1186?
2, 593
What are the prime factors of 2213?
2213
What are the prime factors of 2999?
2999
What are the prime factors of 2737?
7, 17, 23
What are the prime factors of 10065?
3, 5, 11, 61
List the prime factors of 6870.
2, 3, 5, 229
What are the prime factors of 1523?
1523
List the prime factors of 14222.
2, 13, 547
List the prime factors of 53363.
17, 43, 73
List the prime factors of 1582.
2, 7, 113
List the prime factors of 108575.
5, 43, 101
What are the prime factors of 20859?
3, 17, 409
What are the prime factors of 55711?
55711
What are the prime factors of 102?
2, 3, 17
List the prime factors of 29215.
5, 5843
List the prime factors of 5971.
7, 853
List the prime factors of 5302.
2, 11, 241
What are the prime factors of 2100?
2, 3, 5, 7
What are the prime factors of 827?
827
List the prime factors of 3139.
43, 73
What are the prime factors of 1966?
2, 983
What are the prime factors of 1692?
2, 3, 47
List the prime factors of 32.
2
List the prime factors of 644.
2, 7, 23
List the prime factors of 2506.
2, 7, 179
What are the prime factors of 18402?
2, 3, 3067
What are the prime factors of 22494?
2, 3, 23, 163
What are the prime factors of 10771?
10771
What are the prime factors of 4874?
2, 2437
List the prime factors of 502.
2, 251
List the prime factors of 137.
137
List the prime factors of 10019.
43, 233
List the prime factors of 10265.
5, 2053
What are the prime factors of 1535?
5, 307
What are the prime factors of 995?
5, 199
List the prime factors of 424.
2, 53
What are the prime factors of 3302?
2, 13, 127
List the prime factors of 30342.
2, 3, 13, 389
What are the prime factors of 2358?
2, 3, 131
What are the prime factors of 43276?
2, 31, 349
List the prime factors of 16260.
2, 3, 5, 271
List the prime factors of 42.
